{"id":309,"date":"2019-02-03T16:50:50","date_gmt":"2019-02-03T16:50:50","guid":{"rendered":"https:\/\/diegozuelli.it\/?page_id=309"},"modified":"2019-02-03T16:50:51","modified_gmt":"2019-02-03T16:50:51","slug":"8-minuti-luce-2016-2-2-2","status":"publish","type":"page","link":"https:\/\/diegozuelli.it\/?page_id=309","title":{"rendered":"cornell box (2009)"},"content":{"rendered":"\n<h2 class=\"wp-block-heading\">cornell box<\/h2>\n\n\n\n<figure class=\"wp-block-image is-resized\"><img loading=\"lazy\" decoding=\"async\" src=\"https:\/\/diegozuelli.it\/wp-content\/uploads\/2019\/01\/cornellbox.jpg\" alt=\"\" class=\"wp-image-66\" width=\"739\" height=\"398\" srcset=\"https:\/\/diegozuelli.it\/wp-content\/uploads\/2019\/01\/cornellbox.jpg 600w, https:\/\/diegozuelli.it\/wp-content\/uploads\/2019\/01\/cornellbox-300x162.jpg 300w\" sizes=\"auto, (max-width: 739px) 100vw, 739px\" \/><\/figure>\n\n\n\n<p style=\"font-size:10px\" class=\"didascalia\"><strong>Cornell box, <\/strong>2009<br>plotter print on dibond, 100x53cm<\/p>\n\n\n\n<div class=\"wp-block-columns has-2-columns is-layout-flex wp-container-core-columns-is-layout-9d6595d7 wp-block-columns-is-layout-flex\">\n<div class=\"wp-block-column is-layout-flow wp-block-column-is-layout-flow\">\n<p>Cercando su internet il termine \u201ccornell box\u201d, si avr\u00e0 come risultato una serie di immagini prese da due ambiti ben precisi: i siti che parlano e mostrano le opere dell\u2019artista americano Joseph Cornell (1903 &#8211; 1972) e i siti che documentano esperimenti fotografici e di computergrafica 3d con la \u201ccornell box\u201d della Cornell University (New York).<br>\nI due Cornell sono assolutamente non legati fra di loro, ma la connessione, seppur arbitraria, \u00e8 chiara. L\u2019artista Joseph Cornell realizzava con assemblaggi e collage di materiali di recupero (riviste, frammenti di giocattoli, solidi geometrici, stampe d\u2019arte) una serie di opere largamente ricordate come Cornell box. Alla Cornell University nel 1984 prese il via una ricerca per simulare al computer le dinamiche della propagazione della luce, e ottenere cos\u00ec un metodo per ricostruire al computer scene il pi\u00f9 possibile simili alla realt\u00e0. Si studi\u00f2 e si ricre\u00f2 allora una semplice scena-modello consistente in una scatola e alcuni solidi all\u2019interno, illuminati da una sorgente di luce. Quello \u00e8 ancora oggi un paradigma per quanto riguarda i test e le prove sui software di computergrafica tridimensionale. E il nome \u00e8 ancora una volta, Cornell box. <\/p>\n\n\n\n<p>L\u2019immagine \u201cCornell box\u201d accosta le due realt\u00e0, le mette a confronto e le mischia. Sottolineando (forzando leggermente) le similitudini formali e di pensiero. Semplicemente fa conoscere l\u2019esistenza di questo collegamento, che scavalca tutto e collega un artista a una ricerca visiva che non \u00e8 solitamente accostata all\u2019arte.<\/p>\n<\/div>\n\n\n\n<div class=\"wp-block-column is-layout-flow wp-block-column-is-layout-flow\">\n<p>On Googling \u201cCornell box\u201d, the search results will be a series of pictures taken from two very specific areas: web sites about US artist Joseph Cornell\u2019s (1903-1972) works and pages from the Cornell University&#8217;s web site (New York), documenting photographic and 3D computer graphics experiments with the \u201cCornell Box\u201d.<br>\nThe two Cornells are absolutely not related to each other, but the connection, even if arbitrary, is very clear. Artist Joseph Cornell made boxes filled with assemblages and collages of salvaged materials (newspapers, magazines, toy parts, geometric solids, art prints). Those art works are widely known as Cornell Boxes. In 1984, Cornell University experimented with computer simulation to study the actual dynamics of light propagation, in order to find an algorithm to create images as resemblant as possible to pictures of real objects. A sample scene was then created: a box, with a light on top and simple objects inside. Still nowadays, this is the main test set for 3D computer graphics software. Once again called Cornell Box.<\/p>\n\n\n\n<p>This print puts side-by-side two Cornell boxes, compares them, mixes them. Underlining formal and thought similarities. Showing connection that was found only through the Internet and search engines, which linked an artist to a visual research usually unrelated to art.<\/p>\n<\/div>\n<\/div>\n","protected":false},"excerpt":{"rendered":"<p>cornell box Cornell box, 2009plotter print on dibond, 100x53cm Cercando su internet il termine \u201ccornell box\u201d, si avr\u00e0 come risultato una serie di immagini prese da due ambiti ben precisi: i siti che parlano e mostrano le opere dell\u2019artista americano Joseph Cornell (1903 &#8211; 1972) e i siti che documentano&hellip; <\/p>\n","protected":false},"author":1,"featured_media":0,"parent":0,"menu_order":0,"comment_status":"closed","ping_status":"closed","template":"","meta":{"_monsterinsights_skip_tracking":false,"_monsterinsights_sitenote_active":false,"_monsterinsights_sitenote_note":"","_monsterinsights_sitenote_category":0,"footnotes":""},"class_list":["post-309","page","type-page","status-publish","hentry"],"_links":{"self":[{"href":"https:\/\/diegozuelli.it\/index.php?rest_route=\/wp\/v2\/pages\/309","targetHints":{"allow":["GET"]}}],"collection":[{"href":"https:\/\/diegozuelli.it\/index.php?rest_route=\/wp\/v2\/pages"}],"about":[{"href":"https:\/\/diegozuelli.it\/index.php?rest_route=\/wp\/v2\/types\/page"}],"author":[{"embeddable":true,"href":"https:\/\/diegozuelli.it\/index.php?rest_route=\/wp\/v2\/users\/1"}],"replies":[{"embeddable":true,"href":"https:\/\/diegozuelli.it\/index.php?rest_route=%2Fwp%2Fv2%2Fcomments&post=309"}],"version-history":[{"count":1,"href":"https:\/\/diegozuelli.it\/index.php?rest_route=\/wp\/v2\/pages\/309\/revisions"}],"predecessor-version":[{"id":310,"href":"https:\/\/diegozuelli.it\/index.php?rest_route=\/wp\/v2\/pages\/309\/revisions\/310"}],"wp:attachment":[{"href":"https:\/\/diegozuelli.it\/index.php?rest_route=%2Fwp%2Fv2%2Fmedia&parent=309"}],"curies":[{"name":"wp","href":"https:\/\/api.w.org\/{rel}","templated":true}]}}